{"id":4888,"date":"2023-05-21T09:11:54","date_gmt":"2023-05-21T07:11:54","guid":{"rendered":"https:\/\/www.pgwinti.ch\/?page_id=4888"},"modified":"2023-06-08T20:24:26","modified_gmt":"2023-06-08T18:24:26","slug":"yvon-castillo-2","status":"publish","type":"page","link":"https:\/\/www.pgwinti.ch\/?page_id=4888","title":{"rendered":"Roberto Manuzzi"},"content":{"rendered":"\n<style type=\"text\/css\" data-created_by=\"avia_inline_auto\" id=\"style-css-av-15l5sr-223f643628e88934d28f0895d9a03800\">\n.flex_column.av-15l5sr-223f643628e88934d28f0895d9a03800{\nborder-radius:0px 0px 0px 0px;\npadding:0px 0px 0px 0px;\n}\n<\/style>\n<div  class='flex_column av-15l5sr-223f643628e88934d28f0895d9a03800 av_two_fifth  avia-builder-el-0  el_before_av_three_fifth  avia-builder-el-first  first flex_column_div av-zero-column-padding  '     ><style type=\"text\/css\" data-created_by=\"avia_inline_auto\" id=\"style-css-av-wj3df-e052ea917816e6246e06c5e93523c291\">\n.avia-image-container.av-wj3df-e052ea917816e6246e06c5e93523c291 img.avia_image{\nbox-shadow:none;\n}\n.avia-image-container.av-wj3df-e052ea917816e6246e06c5e93523c291 .av-image-caption-overlay-center{\ncolor:#ffffff;\n}\n<\/style>\n<div  class='avia-image-container av-wj3df-e052ea917816e6246e06c5e93523c291 av-styling- avia-align-center  avia-builder-el-1  avia-builder-el-no-sibling '   itemprop=\"image\" itemscope=\"itemscope\" itemtype=\"https:\/\/schema.org\/ImageObject\" ><div class=\"avia-image-container-inner\"><div class=\"avia-image-overlay-wrap\"><img decoding=\"async\" fetchpriority=\"high\" class='wp-image-3889 avia-img-lazy-loading-not-3889 avia_image ' src=\"https:\/\/www.pgwinti.ch\/wp-content\/uploads\/2021\/05\/Roberto-Manuzzi-BW-1-1-1030x878.jpg\" alt='' title='Roberto Manuzzi'  height=\"878\" width=\"1030\"  itemprop=\"thumbnailUrl\" srcset=\"https:\/\/www.pgwinti.ch\/wp-content\/uploads\/2021\/05\/Roberto-Manuzzi-BW-1-1-1030x878.jpg 1030w, https:\/\/www.pgwinti.ch\/wp-content\/uploads\/2021\/05\/Roberto-Manuzzi-BW-1-1-300x256.jpg 300w, https:\/\/www.pgwinti.ch\/wp-content\/uploads\/2021\/05\/Roberto-Manuzzi-BW-1-1-80x68.jpg 80w, https:\/\/www.pgwinti.ch\/wp-content\/uploads\/2021\/05\/Roberto-Manuzzi-BW-1-1-768x655.jpg 768w, https:\/\/www.pgwinti.ch\/wp-content\/uploads\/2021\/05\/Roberto-Manuzzi-BW-1-1-160x136.jpg 160w, https:\/\/www.pgwinti.ch\/wp-content\/uploads\/2021\/05\/Roberto-Manuzzi-BW-1-1-705x601.jpg 705w, https:\/\/www.pgwinti.ch\/wp-content\/uploads\/2021\/05\/Roberto-Manuzzi-BW-1-1.jpg 1071w\" sizes=\"(max-width: 1030px) 100vw, 1030px\" \/><\/div><\/div><\/div><\/div>\n\n<style type=\"text\/css\" data-created_by=\"avia_inline_auto\" id=\"style-css-av-s03bf-2f02bc73fec9b59928be6dca92ed59e0\">\n.flex_column.av-s03bf-2f02bc73fec9b59928be6dca92ed59e0{\nborder-radius:0px 0px 0px 0px;\npadding:0px 0px 0px 0px;\n}\n<\/style>\n<div  class='flex_column av-s03bf-2f02bc73fec9b59928be6dca92ed59e0 av_three_fifth  avia-builder-el-2  el_after_av_two_fifth  el_before_av_hr  flex_column_div av-zero-column-padding  '     ><section  class='av_textblock_section av-lrj7n-82cbcc73aa589f57775313a53c82e3bd '   itemscope=\"itemscope\" itemtype=\"https:\/\/schema.org\/CreativeWork\" ><div class='avia_textblock'  itemprop=\"text\" ><h3>Roberto Manuzzi<\/h3>\n<\/div><\/section><\/div>\n\n<style type=\"text\/css\" data-created_by=\"avia_inline_auto\" id=\"style-css-av-f1lc3-711f6cda23dfadea6968721f0d681a5c\">\n#top .hr.hr-invisible.av-f1lc3-711f6cda23dfadea6968721f0d681a5c{\nheight:50px;\n}\n<\/style>\n<div  class='hr av-f1lc3-711f6cda23dfadea6968721f0d681a5c hr-invisible  avia-builder-el-4  el_after_av_three_fifth  el_before_av_textblock '><span class='hr-inner '><span class=\"hr-inner-style\"><\/span><\/span><\/div>\n<section  class='av_textblock_section av-9o1qr-1ee269304ab6a073987c582d6a487d51 '   itemscope=\"itemscope\" itemtype=\"https:\/\/schema.org\/CreativeWork\" ><div class='avia_textblock'  itemprop=\"text\" ><p>Es gibt nicht so viele Konstanten in meinem Leben. Eine davon ist jedoch zweifellos die Fotografie. Seit meiner fr\u00fchesten Jugend fotografiere ich, zuerst einfach wild drauflos, sp\u00e4ter ein bisschen gezielter und \u00fcberlegter. Einen winzigen Augenblick im Bild festzuhalten und ihn danach in Ruhe auf dem Bildschirm oder auf Papier anzuschauen, fasziniert mich bis heute. Mit zunehmendem Alter stelle ich fest, dass die Bilder auch das Leben dokumentieren, mein Leben, dasjenige meiner Familie, Freunden und Verwandten. Es sind vielfach Momente, die man sonst schlicht vergessen h\u00e4tte oder zumindest nicht so detailliert pr\u00e4sent w\u00e4ren.<\/p>\n<p>Da ich oft und gerne reise, ist die Reisefotografie in meinem Archiv stark vertreten. Dar\u00fcber hinaus besch\u00e4ftige ich mich gerne mit Nachtaufnahmen, urbaner Fotografie sowie mit der Technik im weitesten Sinn.<\/p>\n<p>Nach meiner Pensionierung 2019 bin ich der Photographischen Gesellschaft Winterthur beigetreten. Im Vordergrund stehen f\u00fcr mich der Austausch unter Hobbyfotografen, Inspirationen f\u00fcr neue Sujets und Techniken sowie nicht zuletzt, die Geselligkeit.<\/p>\n<\/div><\/section>\n\n<style type=\"text\/css\" data-created_by=\"avia_inline_auto\" id=\"style-css-av-f1lc3-711f6cda23dfadea6968721f0d681a5c\">\n#top .hr.hr-invisible.av-f1lc3-711f6cda23dfadea6968721f0d681a5c{\nheight:50px;\n}\n<\/style>\n<div  class='hr av-f1lc3-711f6cda23dfadea6968721f0d681a5c hr-invisible  avia-builder-el-6  el_after_av_textblock  el_before_av_textblock '><span class='hr-inner '><span class=\"hr-inner-style\"><\/span><\/span><\/div>\n<section  class='av_textblock_section av-9o1qr-1ee269304ab6a073987c582d6a487d51 '   itemscope=\"itemscope\" itemtype=\"https:\/\/schema.org\/CreativeWork\" ><div class='avia_textblock'  itemprop=\"text\" ><div id=\"jig1\" class=\"justified-image-grid jig-90e74366c2e663232016e4027587d10b jig-preset-c3 jig-source-wp-gallery jig-rml-id-191\"><div class=\"jig-clearfix\"><\/div><noscript id=\"jig1-html\" class=\"justified-image-grid-html\" data-lazy-src=\"skiplazyload\" data-src=\"skipunveillazyload\"><ul><li><a href=\"https:\/\/www.pgwinti.ch\/wp-content\/uploads\/2023\/05\/Red-Arrows-Payern_Roberto.Manuzzi-1200x900.jpg\" title=\"RAF Red Arrows, Hawk\"><img loading=\"lazy\" decoding=\"async\" src=\"https:\/\/www.pgwinti.ch\/wp-content\/plugins\/justified-image-grid\/timthumb.php?src=https%3A%2F%2Fwww.pgwinti.ch%2Fwp-content%2Fuploads%2F2023%2F05%2FRed-Arrows-Payern_Roberto.Manuzzi-1200x900.jpg&amp;h=230&amp;q=90&amp;f=.jpg\" alt=\"RAF Red Arrows, Hawk\" width=\"306\" height=\"230\" \/><\/a><p class=\"jig-HTMLdescription\">RAF Red Arrows, Hawk<\/p><\/li><li><a href=\"https:\/\/www.pgwinti.ch\/wp-content\/uploads\/2023\/05\/Lissabon-Portugal_Roberto.Manuzzi-1200x900.jpg\" title=\"Selfie, Castelo de S\u00e3o Jorge, Alfama, Lissabon\"><img loading=\"lazy\" decoding=\"async\" src=\"https:\/\/www.pgwinti.ch\/wp-content\/plugins\/justified-image-grid\/timthumb.php?src=https%3A%2F%2Fwww.pgwinti.ch%2Fwp-content%2Fuploads%2F2023%2F05%2FLissabon-Portugal_Roberto.Manuzzi-1200x900.jpg&amp;h=230&amp;q=90&amp;f=.jpg\" alt=\"Selfie, Castelo de S\u00e3o Jorge, Alfama, Lissabon\" width=\"306\" height=\"230\" \/><\/a><p class=\"jig-HTMLdescription\">Selfie, Castelo de S\u00e3o Jorge, Alfama, Lissabon<\/p><\/li><li><a href=\"https:\/\/www.pgwinti.ch\/wp-content\/uploads\/2023\/05\/Kloentalersee-Glarus_Roberto.Manuzzi-1200x800.jpg\" title=\"Kl\u00f6ntalersee, GL\"><img loading=\"lazy\" decoding=\"async\" src=\"https:\/\/www.pgwinti.ch\/wp-content\/plugins\/justified-image-grid\/timthumb.php?src=https%3A%2F%2Fwww.pgwinti.ch%2Fwp-content%2Fuploads%2F2023%2F05%2FKloentalersee-Glarus_Roberto.Manuzzi-1200x800.jpg&amp;h=230&amp;q=90&amp;f=.jpg\" alt=\"Kl\u00f6ntalersee, GL\" width=\"345\" height=\"230\" \/><\/a><p class=\"jig-HTMLdescription\">Kl\u00f6ntalersee, GL<\/p><\/li><li><a href=\"https:\/\/www.pgwinti.ch\/wp-content\/uploads\/2023\/05\/Juf-Avers-GR_Roberto.Manuzzi-1200x800.jpg\" title=\"Juf, Avers, GR\"><img loading=\"lazy\" decoding=\"async\" src=\"https:\/\/www.pgwinti.ch\/wp-content\/plugins\/justified-image-grid\/timthumb.php?src=https%3A%2F%2Fwww.pgwinti.ch%2Fwp-content%2Fuploads%2F2023%2F05%2FJuf-Avers-GR_Roberto.Manuzzi-1200x800.jpg&amp;h=230&amp;q=90&amp;f=.jpg\" alt=\"Juf, Avers, GR\" width=\"345\" height=\"230\" \/><\/a><p class=\"jig-HTMLdescription\">Juf, Avers, GR<\/p><\/li><li><a href=\"https:\/\/www.pgwinti.ch\/wp-content\/uploads\/2023\/05\/Skaland-Senja-Nowegen_Roberto.Manuzzi-1200x791.jpg\" title=\"Tungeneset, n\u00e4he Skaland, Insel Senja, Nowegen\"><img loading=\"lazy\" decoding=\"async\" src=\"https:\/\/www.pgwinti.ch\/wp-content\/plugins\/justified-image-grid\/timthumb.php?src=https%3A%2F%2Fwww.pgwinti.ch%2Fwp-content%2Fuploads%2F2023%2F05%2FSkaland-Senja-Nowegen_Roberto.Manuzzi-1200x791.jpg&amp;h=230&amp;q=90&amp;f=.jpg\" alt=\"Tungeneset, n\u00e4he Skaland, Insel Senja, Norwegen\" width=\"348\" height=\"230\" \/><\/a><p class=\"jig-HTMLdescription\">Tungeneset, n\u00e4he Skaland, Insel Senja, Norwegen<br\/>Tungeneset, n\u00e4he Skaland, Insel Senja, Nowegen<\/p><\/li><li><a href=\"https:\/\/www.pgwinti.ch\/wp-content\/uploads\/2023\/05\/Limmatquai-Frauenkirche-Zuerich_Roberto.Manuzzi-1200x800.jpg\" title=\"Limmatquai, mit Blick auf die Frauenkirche, Z\u00fcrich\"><img loading=\"lazy\" decoding=\"async\" src=\"https:\/\/www.pgwinti.ch\/wp-content\/plugins\/justified-image-grid\/timthumb.php?src=https%3A%2F%2Fwww.pgwinti.ch%2Fwp-content%2Fuploads%2F2023%2F05%2FLimmatquai-Frauenkirche-Zuerich_Roberto.Manuzzi-1200x800.jpg&amp;h=230&amp;q=90&amp;f=.jpg\" alt=\"Limmatquai, mit Blick auf die Frauenkirche, Z\u00fcrich\" width=\"345\" height=\"230\" \/><\/a><p class=\"jig-HTMLdescription\">Limmatquai, mit Blick auf die Frauenkirche, Z\u00fcrich<\/p><\/li><li><a href=\"https:\/\/www.pgwinti.ch\/wp-content\/uploads\/2023\/05\/Himmelzeichnungen-Hittnau-ZH_Roberto.Manuzzi-1200x900.jpg\" title=\"Wilen, Hittnau, ZH\"><img loading=\"lazy\" decoding=\"async\" src=\"https:\/\/www.pgwinti.ch\/wp-content\/plugins\/justified-image-grid\/timthumb.php?src=https%3A%2F%2Fwww.pgwinti.ch%2Fwp-content%2Fuploads%2F2023%2F05%2FHimmelzeichnungen-Hittnau-ZH_Roberto.Manuzzi-1200x900.jpg&amp;h=230&amp;q=90&amp;f=.jpg\" alt=\"Wilen, Hittnau, ZH\" width=\"306\" height=\"230\" \/><\/a><p class=\"jig-HTMLdescription\">Wilen, Hittnau, ZH<\/p><\/li><li><a href=\"https:\/\/www.pgwinti.ch\/wp-content\/uploads\/2023\/05\/Hardbruecke-Zuerich-West_Roberto.Manuzzi-1200x759.jpg\" title=\"Prime Tower, Z\u00fcrich West, Z\u00fcrich\"><img loading=\"lazy\" decoding=\"async\" src=\"https:\/\/www.pgwinti.ch\/wp-content\/plugins\/justified-image-grid\/timthumb.php?src=https%3A%2F%2Fwww.pgwinti.ch%2Fwp-content%2Fuploads%2F2023%2F05%2FHardbruecke-Zuerich-West_Roberto.Manuzzi-1200x759.jpg&amp;h=230&amp;q=90&amp;f=.jpg\" alt=\"Prime Tower, Z\u00fcrich West, Z\u00fcrich\" width=\"363\" height=\"230\" \/><\/a><p class=\"jig-HTMLdescription\">Prime Tower, Z\u00fcrich West, Z\u00fcrich<\/p><\/li><li><a href=\"https:\/\/www.pgwinti.ch\/wp-content\/uploads\/2023\/05\/Circuit-Dijon-Prenois-Dijon_Roberto.Manuzzi-1200x872.jpg\" title=\"Ducati, Circuit Dijon-Prenois, Dijon, F\"><img loading=\"lazy\" decoding=\"async\" src=\"https:\/\/www.pgwinti.ch\/wp-content\/plugins\/justified-image-grid\/timthumb.php?src=https%3A%2F%2Fwww.pgwinti.ch%2Fwp-content%2Fuploads%2F2023%2F05%2FCircuit-Dijon-Prenois-Dijon_Roberto.Manuzzi-1200x872.jpg&amp;h=230&amp;q=90&amp;f=.jpg\" alt=\"Ducati, Circuit Dijon-Prenois, Dijon, F\" width=\"316\" height=\"230\" \/><\/a><p class=\"jig-HTMLdescription\">Ducati, Circuit Dijon-Prenois, Dijon, F<\/p><\/li><li><a href=\"https:\/\/www.pgwinti.ch\/wp-content\/uploads\/2023\/05\/Duart-Castle-Isle-of-Mull-Schottland_Roberto.Manuzzi-1200x888.jpg\" title=\"Duart Castle, Isle of Mull, GB\"><img loading=\"lazy\" decoding=\"async\" src=\"https:\/\/www.pgwinti.ch\/wp-content\/plugins\/justified-image-grid\/timthumb.php?src=https%3A%2F%2Fwww.pgwinti.ch%2Fwp-content%2Fuploads%2F2023%2F05%2FDuart-Castle-Isle-of-Mull-Schottland_Roberto.Manuzzi-1200x888.jpg&amp;h=230&amp;q=90&amp;f=.jpg\" alt=\"Duart Castle, Isle of Mull, GB\" width=\"310\" height=\"230\" \/><\/a><p class=\"jig-HTMLdescription\">Duart Castle, Isle of Mull, GB<\/p><\/li><\/ul><\/noscript><\/div>\n<\/div><\/section>\n","protected":false},"excerpt":{"rendered":"","protected":false},"author":4,"featured_media":0,"parent":160,"menu_order":0,"comment_status":"closed","ping_status":"closed","template":"","meta":{"_exactmetrics_skip_tracking":false,"_exactmetrics_sitenote_active":false,"_exactmetrics_sitenote_note":"","_exactmetrics_sitenote_category":0,"footnotes":""},"class_list":["post-4888","page","type-page","status-publish","hentry"],"_links":{"self":[{"href":"https:\/\/www.pgwinti.ch\/index.php?rest_route=\/wp\/v2\/pages\/4888","targetHints":{"allow":["GET"]}}],"collection":[{"href":"https:\/\/www.pgwinti.ch\/index.php?rest_route=\/wp\/v2\/pages"}],"about":[{"href":"https:\/\/www.pgwinti.ch\/index.php?rest_route=\/wp\/v2\/types\/page"}],"author":[{"embeddable":true,"href":"https:\/\/www.pgwinti.ch\/index.php?rest_route=\/wp\/v2\/users\/4"}],"replies":[{"embeddable":true,"href":"https:\/\/www.pgwinti.ch\/index.php?rest_route=%2Fwp%2Fv2%2Fcomments&post=4888"}],"version-history":[{"count":6,"href":"https:\/\/www.pgwinti.ch\/index.php?rest_route=\/wp\/v2\/pages\/4888\/revisions"}],"predecessor-version":[{"id":4919,"href":"https:\/\/www.pgwinti.ch\/index.php?rest_route=\/wp\/v2\/pages\/4888\/revisions\/4919"}],"up":[{"embeddable":true,"href":"https:\/\/www.pgwinti.ch\/index.php?rest_route=\/wp\/v2\/pages\/160"}],"wp:attachment":[{"href":"https:\/\/www.pgwinti.ch\/index.php?rest_route=%2Fwp%2Fv2%2Fmedia&parent=4888"}],"curies":[{"name":"wp","href":"https:\/\/api.w.org\/{rel}","templated":true}]}}