{"id":301,"date":"2017-11-15T14:23:01","date_gmt":"2017-11-15T13:23:01","guid":{"rendered":"http:\/\/pgwinti.ch\/?page_id=301"},"modified":"2017-12-14T22:16:33","modified_gmt":"2017-12-14T21:16:33","slug":"andreas-luethi","status":"publish","type":"page","link":"https:\/\/www.pgwinti.ch\/?page_id=301","title":{"rendered":"Andreas L\u00fcthi"},"content":{"rendered":"\n<style type=\"text\/css\" data-created_by=\"avia_inline_auto\" id=\"style-css-av-av_two_fifth-15d750bd1b332b34c6e70b077ebbccdf\">\n.flex_column.av-av_two_fifth-15d750bd1b332b34c6e70b077ebbccdf{\nborder-radius:0px 0px 0px 0px;\npadding:0px 0px 0px 0px;\n}\n<\/style>\n<div  class='flex_column av-av_two_fifth-15d750bd1b332b34c6e70b077ebbccdf av_two_fifth  avia-builder-el-0  el_before_av_three_fifth  avia-builder-el-first  first flex_column_div av-zero-column-padding  '     ><style type=\"text\/css\" data-created_by=\"avia_inline_auto\" id=\"style-css-av-av_image-9bd5bdb2bab40ed8511f6202f6e2db50\">\n.avia-image-container.av-av_image-9bd5bdb2bab40ed8511f6202f6e2db50 img.avia_image{\nbox-shadow:none;\n}\n.avia-image-container.av-av_image-9bd5bdb2bab40ed8511f6202f6e2db50 .av-image-caption-overlay-center{\ncolor:#ffffff;\n}\n<\/style>\n<div  class='avia-image-container av-av_image-9bd5bdb2bab40ed8511f6202f6e2db50 av-styling- avia-align-center  avia-builder-el-1  avia-builder-el-no-sibling '   itemprop=\"image\" itemscope=\"itemscope\" itemtype=\"https:\/\/schema.org\/ImageObject\" ><div class=\"avia-image-container-inner\"><div class=\"avia-image-overlay-wrap\"><img decoding=\"async\" fetchpriority=\"high\" class='wp-image-300 avia-img-lazy-loading-not-300 avia_image ' src=\"https:\/\/www.pgwinti.ch\/wp-content\/uploads\/2017\/11\/Andreas-Luethi-2-300x300.jpg\" alt='' title='Andreas Luethi'  height=\"300\" width=\"300\"  itemprop=\"thumbnailUrl\" srcset=\"https:\/\/www.pgwinti.ch\/wp-content\/uploads\/2017\/11\/Andreas-Luethi-2-300x300.jpg 300w, https:\/\/www.pgwinti.ch\/wp-content\/uploads\/2017\/11\/Andreas-Luethi-2-80x80.jpg 80w, https:\/\/www.pgwinti.ch\/wp-content\/uploads\/2017\/11\/Andreas-Luethi-2-768x768.jpg 768w, https:\/\/www.pgwinti.ch\/wp-content\/uploads\/2017\/11\/Andreas-Luethi-2-1030x1030.jpg 1030w, https:\/\/www.pgwinti.ch\/wp-content\/uploads\/2017\/11\/Andreas-Luethi-2-160x160.jpg 160w, https:\/\/www.pgwinti.ch\/wp-content\/uploads\/2017\/11\/Andreas-Luethi-2-36x36.jpg 36w, https:\/\/www.pgwinti.ch\/wp-content\/uploads\/2017\/11\/Andreas-Luethi-2-180x180.jpg 180w, https:\/\/www.pgwinti.ch\/wp-content\/uploads\/2017\/11\/Andreas-Luethi-2-1500x1500.jpg 1500w, https:\/\/www.pgwinti.ch\/wp-content\/uploads\/2017\/11\/Andreas-Luethi-2-705x705.jpg 705w, https:\/\/www.pgwinti.ch\/wp-content\/uploads\/2017\/11\/Andreas-Luethi-2-120x120.jpg 120w, https:\/\/www.pgwinti.ch\/wp-content\/uploads\/2017\/11\/Andreas-Luethi-2-450x450.jpg 450w\" sizes=\"(max-width: 300px) 100vw, 300px\" \/><\/div><\/div><\/div><\/div>\n\n<style type=\"text\/css\" data-created_by=\"avia_inline_auto\" id=\"style-css-av-av_three_fifth-c8fc129dc35fd1ae2a1e410224d39ea8\">\n.flex_column.av-av_three_fifth-c8fc129dc35fd1ae2a1e410224d39ea8{\nborder-radius:0px 0px 0px 0px;\npadding:0px 0px 0px 0px;\n}\n<\/style>\n<div  class='flex_column av-av_three_fifth-c8fc129dc35fd1ae2a1e410224d39ea8 av_three_fifth  avia-builder-el-2  el_after_av_two_fifth  el_before_av_hr  flex_column_div av-zero-column-padding  '     ><section  class='av_textblock_section av-av_textblock-2de302bf1aa3cf4c9157dbe6f50ac7eb '   itemscope=\"itemscope\" itemtype=\"https:\/\/schema.org\/CreativeWork\" ><div class='avia_textblock'  itemprop=\"text\" ><h3>Andreas L\u00fcthi<\/h3>\n<\/div><\/section><\/div>\n\n<style type=\"text\/css\" data-created_by=\"avia_inline_auto\" id=\"style-css-av-av_hr-4474f20d2389e2e5ecf918a02da5132e\">\n#top .hr.hr-invisible.av-av_hr-4474f20d2389e2e5ecf918a02da5132e{\nheight:50px;\n}\n<\/style>\n<div  class='hr av-av_hr-4474f20d2389e2e5ecf918a02da5132e hr-invisible  avia-builder-el-4  el_after_av_three_fifth  el_before_av_textblock '><span class='hr-inner '><span class=\"hr-inner-style\"><\/span><\/span><\/div>\n<section  class='av_textblock_section av-av_textblock-2de302bf1aa3cf4c9157dbe6f50ac7eb '   itemscope=\"itemscope\" itemtype=\"https:\/\/schema.org\/CreativeWork\" ><div class='avia_textblock'  itemprop=\"text\" ><p>Als 7-j\u00e4hriger bekam ich von meinen Eltern die erste Kamera, eine Kodak Instamatic. Dem Einen oder Andern ist sie immer noch ein Begriff. Auch die damaligen Blitzw\u00fcrfel zur Kamera waren legend\u00e4r. Die Bilder h\u00e4tten heute sicherlich Kult, doch leider besitze ich keine brauchbaren mehr aus dieser Zeit. Auch wusste ich dazumal noch nicht genau, was die Fotografie f\u00fcr mich einmal bedeuten w\u00fcrde.<\/p>\n<p>Mit 15 durfte ich einen Fotokurs mit einer Minolta X-700 machen. Die ersten Ergebnisse aus einer Spiegelreflexkamera mit verstellbarem Objektiv entstanden und die Begeisterung f\u00fcr die Fotografie war entfacht. Mit meinem ersten, ersparten Geld kaufte ich mir dann schliesslich die Autofocus-Sensation, eine Minolta 7xi und\u00a0 dazu ein\u00a0 Varia Zoom mit integriertem Makro. \u00a0Nun ging es so richtig los und das Spiel mit dem Licht konnte beginnen. Ich lichtete Dinge ab, die ich aus normaler Sichtweise nicht richtig wahrnahm. Das Thema Makro wurde immer gr\u00f6sser und die Natur bot mir mit jedem Mal mehr. Doch mit der Zeit waren die Sinne von Naturfotos ges\u00e4ttigt und ich wandte mich einem ganz andern Thema hin. Durch die Geburt meines Sohnes \u00e4nderte sich nicht nur mein Leben grunds\u00e4tzlich, sondern auch das fotografische Auge. \u00a0Der Mensch stand auf einmal im Mittelpunkt mit all seinen Facetten. Ich fing an Menschen zu portraitieren und dabei hielt ich das Zeitgeschehen von Ihnen fest. Die Ausr\u00fcstung dazu hatte sich nat\u00fcrlich stetig ge\u00e4ndert, aber der Marke Minolta blieb ich bis zu ihrem Untergang stets treu.<\/p>\n<p>Heute fotografiere ich mit einer Sony Alpha. Nur so kann ich die vielen lichtstarken und aussergew\u00f6hnlichen Objektive von Minolta weiter einsetzen. Sie sind f\u00fcr mich ein wichtiges Werkzeug um spezielle Bilder zu machen.<\/p>\n<\/div><\/section>\n\n<style type=\"text\/css\" data-created_by=\"avia_inline_auto\" id=\"style-css-av-av_hr-4474f20d2389e2e5ecf918a02da5132e\">\n#top .hr.hr-invisible.av-av_hr-4474f20d2389e2e5ecf918a02da5132e{\nheight:50px;\n}\n<\/style>\n<div  class='hr av-av_hr-4474f20d2389e2e5ecf918a02da5132e hr-invisible  avia-builder-el-6  el_after_av_textblock  el_before_av_textblock '><span class='hr-inner '><span class=\"hr-inner-style\"><\/span><\/span><\/div>\n<section  class='av_textblock_section av-av_textblock-2de302bf1aa3cf4c9157dbe6f50ac7eb '   itemscope=\"itemscope\" itemtype=\"https:\/\/schema.org\/CreativeWork\" ><div class='avia_textblock'  itemprop=\"text\" ><div id=\"jig1\" class=\"justified-image-grid jig-371a94c0b175c37c208dc61190ab2361 jig-preset-c3 jig-source-wp-gallery jig-rml-id-12\"><div class=\"jig-clearfix\"><\/div><noscript id=\"jig1-html\" class=\"justified-image-grid-html\" data-lazy-src=\"skiplazyload\" data-src=\"skipunveillazyload\"><ul><li><a href=\"https:\/\/www.pgwinti.ch\/wp-content\/uploads\/2017\/11\/004_Architektur_Winterthur-1.jpg\"><img loading=\"lazy\" decoding=\"async\" src=\"https:\/\/www.pgwinti.ch\/wp-content\/plugins\/justified-image-grid\/timthumb.php?src=https%3A%2F%2Fwww.pgwinti.ch%2Fwp-content%2Fuploads%2F2017%2F11%2F004_Architektur_Winterthur-1.jpg&amp;h=230&amp;q=90&amp;f=.jpg\" alt=\"Architektur Winterthur\" width=\"345\" height=\"230\" \/><\/a><p class=\"jig-HTMLdescription\">Architektur Winterthur<\/p><\/li><li><a href=\"https:\/\/www.pgwinti.ch\/wp-content\/uploads\/2017\/11\/012_Moeve_Konstanz.jpg\" title=\"012_Moeve_Konstanz\"><img loading=\"lazy\" decoding=\"async\" src=\"https:\/\/www.pgwinti.ch\/wp-content\/plugins\/justified-image-grid\/timthumb.php?src=https%3A%2F%2Fwww.pgwinti.ch%2Fwp-content%2Fuploads%2F2017%2F11%2F012_Moeve_Konstanz.jpg&amp;h=230&amp;q=90&amp;f=.jpg\" alt=\"Moeve Konstanz\" width=\"345\" height=\"230\" \/><\/a><p class=\"jig-HTMLdescription\">Moeve Konstanz<br\/>012_Moeve_Konstanz<\/p><\/li><li><a href=\"https:\/\/www.pgwinti.ch\/wp-content\/uploads\/2017\/11\/011_Eichhoernchen_Graechen.jpg\" title=\"011_Eichhoernchen_Graechen\"><img loading=\"lazy\" decoding=\"async\" src=\"https:\/\/www.pgwinti.ch\/wp-content\/plugins\/justified-image-grid\/timthumb.php?src=https%3A%2F%2Fwww.pgwinti.ch%2Fwp-content%2Fuploads%2F2017%2F11%2F011_Eichhoernchen_Graechen.jpg&amp;h=230&amp;q=90&amp;f=.jpg\" alt=\"Eichhoernchen Graechen\" width=\"345\" height=\"230\" \/><\/a><p class=\"jig-HTMLdescription\">Eichhoernchen Graechen<br\/>011_Eichhoernchen_Graechen<\/p><\/li><li><a href=\"https:\/\/www.pgwinti.ch\/wp-content\/uploads\/2017\/11\/010_Affe_Salem.jpg\" title=\"010_Affe_Salem\"><img loading=\"lazy\" decoding=\"async\" src=\"https:\/\/www.pgwinti.ch\/wp-content\/plugins\/justified-image-grid\/timthumb.php?src=https%3A%2F%2Fwww.pgwinti.ch%2Fwp-content%2Fuploads%2F2017%2F11%2F010_Affe_Salem.jpg&amp;h=230&amp;q=90&amp;f=.jpg\" alt=\"Affe Salem\" width=\"345\" height=\"230\" \/><\/a><p class=\"jig-HTMLdescription\">Affe Salem<br\/>010_Affe_Salem<\/p><\/li><li><a href=\"https:\/\/www.pgwinti.ch\/wp-content\/uploads\/2017\/11\/009_Shooting_Sulzerhalle.jpg\" title=\"009_Shooting_Sulzerhalle\"><img loading=\"lazy\" decoding=\"async\" src=\"https:\/\/www.pgwinti.ch\/wp-content\/plugins\/justified-image-grid\/timthumb.php?src=https%3A%2F%2Fwww.pgwinti.ch%2Fwp-content%2Fuploads%2F2017%2F11%2F009_Shooting_Sulzerhalle.jpg&amp;h=230&amp;q=90&amp;f=.jpg\" alt=\"Shooting Sulzerhalle\" width=\"345\" height=\"230\" \/><\/a><p class=\"jig-HTMLdescription\">Shooting Sulzerhalle<br\/>009_Shooting_Sulzerhalle<\/p><\/li><li><a href=\"https:\/\/www.pgwinti.ch\/wp-content\/uploads\/2017\/11\/008_Shooting_Casino.jpg\" title=\"008_Shooting_Casino\"><img loading=\"lazy\" decoding=\"async\" src=\"https:\/\/www.pgwinti.ch\/wp-content\/plugins\/justified-image-grid\/timthumb.php?src=https%3A%2F%2Fwww.pgwinti.ch%2Fwp-content%2Fuploads%2F2017%2F11%2F008_Shooting_Casino.jpg&amp;h=230&amp;q=90&amp;f=.jpg\" alt=\"Shooting Casino\" width=\"345\" height=\"230\" \/><\/a><p class=\"jig-HTMLdescription\">Shooting Casino<br\/>008_Shooting_Casino<\/p><\/li><li><a href=\"https:\/\/www.pgwinti.ch\/wp-content\/uploads\/2017\/11\/007_Shooting_Sulzerhalle.jpg\" title=\"007_Shooting_Sulzerhalle\"><img loading=\"lazy\" decoding=\"async\" src=\"https:\/\/www.pgwinti.ch\/wp-content\/plugins\/justified-image-grid\/timthumb.php?src=https%3A%2F%2Fwww.pgwinti.ch%2Fwp-content%2Fuploads%2F2017%2F11%2F007_Shooting_Sulzerhalle.jpg&amp;h=230&amp;q=90&amp;f=.jpg\" alt=\"Shooting Sulzerhalle\" width=\"345\" height=\"230\" \/><\/a><p class=\"jig-HTMLdescription\">Shooting Sulzerhalle<br\/>007_Shooting_Sulzerhalle<\/p><\/li><li><a href=\"https:\/\/www.pgwinti.ch\/wp-content\/uploads\/2017\/11\/006_Architektur_Zuerich.jpg\" title=\"006_Architektur_Zuerich\"><img loading=\"lazy\" decoding=\"async\" src=\"https:\/\/www.pgwinti.ch\/wp-content\/plugins\/justified-image-grid\/timthumb.php?src=https%3A%2F%2Fwww.pgwinti.ch%2Fwp-content%2Fuploads%2F2017%2F11%2F006_Architektur_Zuerich.jpg&amp;h=230&amp;q=90&amp;f=.jpg\" alt=\"Architektur Zuerich\" width=\"345\" height=\"230\" \/><\/a><p class=\"jig-HTMLdescription\">Architektur Zuerich<br\/>006_Architektur_Zuerich<\/p><\/li><li><a href=\"https:\/\/www.pgwinti.ch\/wp-content\/uploads\/2017\/11\/005_Architektur_Meersburg.jpg\" title=\"005_Architektur_Meersburg\"><img loading=\"lazy\" decoding=\"async\" src=\"https:\/\/www.pgwinti.ch\/wp-content\/plugins\/justified-image-grid\/timthumb.php?src=https%3A%2F%2Fwww.pgwinti.ch%2Fwp-content%2Fuploads%2F2017%2F11%2F005_Architektur_Meersburg.jpg&amp;h=230&amp;q=90&amp;f=.jpg\" alt=\"Architektur Meersburg\" width=\"345\" height=\"230\" \/><\/a><p class=\"jig-HTMLdescription\">Architektur Meersburg<br\/>005_Architektur_Meersburg<\/p><\/li><li><a href=\"https:\/\/www.pgwinti.ch\/wp-content\/uploads\/2017\/11\/003_Venedig.jpg\" title=\"003_Venedig\"><img loading=\"lazy\" decoding=\"async\" src=\"https:\/\/www.pgwinti.ch\/wp-content\/plugins\/justified-image-grid\/timthumb.php?src=https%3A%2F%2Fwww.pgwinti.ch%2Fwp-content%2Fuploads%2F2017%2F11%2F003_Venedig.jpg&amp;h=230&amp;q=90&amp;f=.jpg\" alt=\"Venedig\" width=\"344\" height=\"230\" \/><\/a><p class=\"jig-HTMLdescription\">Venedig<br\/>003_Venedig<\/p><\/li><li><a href=\"https:\/\/www.pgwinti.ch\/wp-content\/uploads\/2017\/11\/002_Wasserschloss_Hamburg.jpg\" title=\"002_Wasserschloss_Hamburg\"><img loading=\"lazy\" decoding=\"async\" src=\"https:\/\/www.pgwinti.ch\/wp-content\/plugins\/justified-image-grid\/timthumb.php?src=https%3A%2F%2Fwww.pgwinti.ch%2Fwp-content%2Fuploads%2F2017%2F11%2F002_Wasserschloss_Hamburg.jpg&amp;h=230&amp;q=90&amp;f=.jpg\" alt=\"Wasserschloss Hamburg\" width=\"344\" height=\"230\" \/><\/a><p class=\"jig-HTMLdescription\">Wasserschloss Hamburg<br\/>002_Wasserschloss_Hamburg<\/p><\/li><li><a href=\"https:\/\/www.pgwinti.ch\/wp-content\/uploads\/2017\/11\/001_Venedig.jpg\" title=\"001_Venedig\"><img loading=\"lazy\" decoding=\"async\" src=\"https:\/\/www.pgwinti.ch\/wp-content\/plugins\/justified-image-grid\/timthumb.php?src=https%3A%2F%2Fwww.pgwinti.ch%2Fwp-content%2Fuploads%2F2017%2F11%2F001_Venedig.jpg&amp;h=230&amp;q=90&amp;f=.jpg\" alt=\"Venedig\" width=\"345\" height=\"230\" \/><\/a><p class=\"jig-HTMLdescription\">Venedig<br\/>001_Venedig<\/p><\/li><\/ul><\/noscript><\/div>\n<\/div><\/section>\n","protected":false},"excerpt":{"rendered":"","protected":false},"author":1,"featured_media":0,"parent":160,"menu_order":0,"comment_status":"closed","ping_status":"closed","template":"","meta":{"_exactmetrics_skip_tracking":false,"_exactmetrics_sitenote_active":false,"_exactmetrics_sitenote_note":"","_exactmetrics_sitenote_category":0,"footnotes":""},"class_list":["post-301","page","type-page","status-publish","hentry"],"_links":{"self":[{"href":"https:\/\/www.pgwinti.ch\/index.php?rest_route=\/wp\/v2\/pages\/301","targetHints":{"allow":["GET"]}}],"collection":[{"href":"https:\/\/www.pgwinti.ch\/index.php?rest_route=\/wp\/v2\/pages"}],"about":[{"href":"https:\/\/www.pgwinti.ch\/index.php?rest_route=\/wp\/v2\/types\/page"}],"author":[{"embeddable":true,"href":"https:\/\/www.pgwinti.ch\/index.php?rest_route=\/wp\/v2\/users\/1"}],"replies":[{"embeddable":true,"href":"https:\/\/www.pgwinti.ch\/index.php?rest_route=%2Fwp%2Fv2%2Fcomments&post=301"}],"version-history":[{"count":5,"href":"https:\/\/www.pgwinti.ch\/index.php?rest_route=\/wp\/v2\/pages\/301\/revisions"}],"predecessor-version":[{"id":1611,"href":"https:\/\/www.pgwinti.ch\/index.php?rest_route=\/wp\/v2\/pages\/301\/revisions\/1611"}],"up":[{"embeddable":true,"href":"https:\/\/www.pgwinti.ch\/index.php?rest_route=\/wp\/v2\/pages\/160"}],"wp:attachment":[{"href":"https:\/\/www.pgwinti.ch\/index.php?rest_route=%2Fwp%2Fv2%2Fmedia&parent=301"}],"curies":[{"name":"wp","href":"https:\/\/api.w.org\/{rel}","templated":true}]}}