{"id":123,"date":"2017-11-12T22:01:43","date_gmt":"2017-11-12T22:01:43","guid":{"rendered":"http:\/\/pgwinti.ch\/?page_id=123"},"modified":"2021-07-06T21:01:23","modified_gmt":"2021-07-06T19:01:23","slug":"verein","status":"publish","type":"page","link":"https:\/\/www.pgwinti.ch\/?page_id=123","title":{"rendered":"Verein"},"content":{"rendered":"<section  class='av_textblock_section av-1pk8tf-490c34e9da29db8b1ba8cb387969aba6 '   itemscope=\"itemscope\" itemtype=\"https:\/\/schema.org\/CreativeWork\" ><div class='avia_textblock'  itemprop=\"text\" ><h3>Photographische Gesellschaft Winterthur<\/h3>\n<\/div><\/section>\n<section  class='av_textblock_section av-1l7v6r-66f8e9dcbb623b46b6c13ae451b5e17b '   itemscope=\"itemscope\" itemtype=\"https:\/\/schema.org\/CreativeWork\" ><div class='avia_textblock'  itemprop=\"text\" ><div  class='hr av-1e8hsz-49ad409113aea2c29bca81aa70cd5041 hr-default  avia-builder-el-2  avia-builder-el-no-sibling '><span class='hr-inner '><span class=\"hr-inner-style\"><\/span><\/span><\/div>\n<\/div><\/section>\n<section  class='av_textblock_section av-4d9cz-84e429de028f5ae1d49f739dad7f6d40 '   itemscope=\"itemscope\" itemtype=\"https:\/\/schema.org\/CreativeWork\" ><div class='avia_textblock'  itemprop=\"text\" ><h4>Kurzportr\u00e4t<\/h4>\n<\/div><\/section>\n<section  class='av_textblock_section av-1145y3-537d12f25c2c506e488fe122b2f70f01 '   itemscope=\"itemscope\" itemtype=\"https:\/\/schema.org\/CreativeWork\" ><div class='avia_textblock'  itemprop=\"text\" ><p>Unser Fotoclub wurde im Jahr 1893 gegr\u00fcndet. Anl\u00e4sslich des 100-Jahr-Jubil\u00e4ums gestaltete der Club eine grosse und vielbeachtete Fotoausstellung im Gewerbemuseum Winterthur mit \u00fcber 300 Bildern.<\/p>\n<p>Die Photographische Gesellschaft hat sich immer wieder im Lauf der Zeit weiter entwickelt.<\/p>\n<p>Heute umfasst unser Fotoclub \u00fcber 30 aktive Mitglieder, welche ein vielseitiges, abwechslungsreiches und kameradschaftliches Clubleben betreiben.<\/p>\n<p>Wir treffen uns in der Regel 14-t\u00e4glich in unserem Clublokal in der <a href=\"http:\/\/altekaserne.winterthur.ch\/\">alten Kaserne Winterthur<\/a>. Nebst den Themen der analogen und digitalen Fotografie f\u00fchren wir auch einen Jahresfotowettbewerb durch und pr\u00e4sentieren Bilderschauen digital und mit Dias. Nicht nur die Technik sondern auch das Bild ist uns wichtig. Die Teilnahme an Fotowettbewerben f\u00f6rdert die Auseinandersetzung mit der Fotografie.<\/p>\n<p>Wichtig ist uns auch der Erfahrungs- und Gedankenaustausch. Die geselligen Anl\u00e4sse wie Chlausabend, Fr\u00fchlingswanderung, gemeinsame Ausstellungsbesuche und die \u201eFerientreffs\u201c f\u00f6rdern die Kameradschaft und beleben das Clubleben.<\/p>\n<p>Foto- und Bildinteressierte sind herzlich und unverbindlich zu einigen Schnupperbesuchen eingeladen.<\/p>\n<p>\u201eFotografieren bedeutet den Kopf, das Auge und das Herz auf dieselbe Visierlinie zu bringen. Es ist eine Art zu leben!&#8220;<br \/>\nHenri Cartier-Bresson<\/p>\n<p>Neugierig? Nehmen Sie mit uns Kontakt auf. Am besten \u00fcber das <a href=\"http:\/\/pgwinti.ch\/?page_id=188\">Kontaktformular<\/a> oder per <a href=\"mailto:info@pgwinti.ch\">E-Mail<\/a>.<\/p>\n<\/div><\/section>\n\n<style type=\"text\/css\" data-created_by=\"avia_inline_auto\" id=\"style-css-av-36aaj-cbfa2a05930d2c7c21f9b1b2e467c3da\">\n#top .hr.hr-invisible.av-36aaj-cbfa2a05930d2c7c21f9b1b2e467c3da{\nheight:50px;\n}\n<\/style>\n<div  class='hr av-36aaj-cbfa2a05930d2c7c21f9b1b2e467c3da hr-invisible  avia-builder-el-5  el_after_av_textblock  el_before_av_one_full '><span class='hr-inner '><span class=\"hr-inner-style\"><\/span><\/span><\/div>\n\n<style type=\"text\/css\" data-created_by=\"avia_inline_auto\" id=\"style-css-av-rcfwr-519ad47fca50df0b60cf7320900840a3\">\n.flex_column.av-rcfwr-519ad47fca50df0b60cf7320900840a3{\nborder-radius:0px 0px 0px 0px;\npadding:0px 0px 0px 0px;\n}\n<\/style>\n<div  class='flex_column av-rcfwr-519ad47fca50df0b60cf7320900840a3 av_one_full  avia-builder-el-6  el_after_av_hr  avia-builder-el-last  first flex_column_div av-zero-column-padding  '     ><p><section  class='av_textblock_section av-j3xiz-34309ab2b718ba499f59d63bfedcddf8 '   itemscope=\"itemscope\" itemtype=\"https:\/\/schema.org\/CreativeWork\" ><div class='avia_textblock'  itemprop=\"text\" ><p>So finden Sie unser Clublokal:<\/p>\n<\/div><\/section><br \/>\n<div  class='av_gmaps_sc_main_wrap av_gmaps_main_wrap '><div id='av_gmap_0' class='avia-google-map-container avia-google-map-sc av_gmaps_show_unconditionally av-no-fallback-img ' data-mapid='av_gmap_0'  style='height: 400px;'><a class=\"av_gmaps_browser_disabled av_text_confirm_link av_text_confirm_link_visible\" href=\"https:\/\/www.google.com\/maps\/search\/?api=1&#038;query=Technikumstrasse%208%208400%20Winterthur%20%20Schweiz\" target=\"_blank\">Aufgrund deiner Datenschutz-Einstellungen k\u00f6nnen wir Ihnen die Karte nicht anzeigen. Klicken Sie hier, um die Karte in einem neuen Fenster zu \u00f6ffnen.<\/a><\/div><\/div><\/p><\/div>\n","protected":false},"excerpt":{"rendered":"","protected":false},"author":1,"featured_media":0,"parent":0,"menu_order":0,"comment_status":"closed","ping_status":"closed","template":"","meta":{"_exactmetrics_skip_tracking":false,"_exactmetrics_sitenote_active":false,"_exactmetrics_sitenote_note":"","_exactmetrics_sitenote_category":0,"footnotes":""},"class_list":["post-123","page","type-page","status-publish","hentry"],"_links":{"self":[{"href":"https:\/\/www.pgwinti.ch\/index.php?rest_route=\/wp\/v2\/pages\/123","targetHints":{"allow":["GET"]}}],"collection":[{"href":"https:\/\/www.pgwinti.ch\/index.php?rest_route=\/wp\/v2\/pages"}],"about":[{"href":"https:\/\/www.pgwinti.ch\/index.php?rest_route=\/wp\/v2\/types\/page"}],"author":[{"embeddable":true,"href":"https:\/\/www.pgwinti.ch\/index.php?rest_route=\/wp\/v2\/users\/1"}],"replies":[{"embeddable":true,"href":"https:\/\/www.pgwinti.ch\/index.php?rest_route=%2Fwp%2Fv2%2Fcomments&post=123"}],"version-history":[{"count":17,"href":"https:\/\/www.pgwinti.ch\/index.php?rest_route=\/wp\/v2\/pages\/123\/revisions"}],"predecessor-version":[{"id":4002,"href":"https:\/\/www.pgwinti.ch\/index.php?rest_route=\/wp\/v2\/pages\/123\/revisions\/4002"}],"wp:attachment":[{"href":"https:\/\/www.pgwinti.ch\/index.php?rest_route=%2Fwp%2Fv2%2Fmedia&parent=123"}],"curies":[{"name":"wp","href":"https:\/\/api.w.org\/{rel}","templated":true}]}}