{"id":1207,"date":"2017-12-14T09:44:23","date_gmt":"2017-12-14T08:44:23","guid":{"rendered":"https:\/\/www.pgwinti.ch\/?page_id=1207"},"modified":"2017-12-18T19:40:39","modified_gmt":"2017-12-18T18:40:39","slug":"verein-2","status":"publish","type":"page","link":"https:\/\/www.pgwinti.ch\/?page_id=1207","title":{"rendered":"100 Jahre PGW &#8211; Fotoausstellung"},"content":{"rendered":"<section  class='av_textblock_section av-av_textblock-2de302bf1aa3cf4c9157dbe6f50ac7eb '   itemscope=\"itemscope\" itemtype=\"https:\/\/schema.org\/CreativeWork\" ><div class='avia_textblock'  itemprop=\"text\" ><h3>100 Jahre PGW &#8211; Fotoausstellung im Gewerbemuseum Winterthur<\/h3>\n<h4>Eine Erinnerung<\/h4>\n<\/div><\/section>\n<section  class='av_textblock_section av-av_textblock-2de302bf1aa3cf4c9157dbe6f50ac7eb '   itemscope=\"itemscope\" itemtype=\"https:\/\/schema.org\/CreativeWork\" ><div class='avia_textblock'  itemprop=\"text\" ><div  class='hr av-av_hr-6ab6857e054c15feb14d8aa4c966228f hr-default  avia-builder-el-2  avia-builder-el-no-sibling '><span class='hr-inner '><span class=\"hr-inner-style\"><\/span><\/span><\/div>\n<\/div><\/section>\n<section  class='av_textblock_section av-av_textblock-2de302bf1aa3cf4c9157dbe6f50ac7eb '   itemscope=\"itemscope\" itemtype=\"https:\/\/schema.org\/CreativeWork\" ><div class='avia_textblock'  itemprop=\"text\" ><p class=\"Portrait\"><b><span style=\"text-transform: uppercase;\">Die Vorbereitungen<\/span><\/b><\/p>\n<p class=\"Portrait\">Am 13. Januar 1993 feierten wir einhundert Jahre Photographische Gesellschaft Winterthur mit einer grossen Fotoausstellung. Wir versuchten, wiederum Gastrecht im Gewerbemuseum Winterthur zu erhalten, was wegen dem guten Kontakt zum Ausstellungsleiter Fritz Hobi auch gelang. Die Stadt Winterthur stellte uns die R\u00e4umlichkeiten grossz\u00fcgigerweise f\u00fcr einen ganzen Monat zur Verf\u00fcgung. Die Vernissage wurde auf den 13. Januar 1993 um 20.00 Uhr festgesetzt, genau einhundert Jahre nach der Gr\u00fcndungsversammlung im Restaurant Schlangenm\u00fchle in Winterthur.<\/p>\n<\/div><\/section>\n<section  class='av_textblock_section av-av_textblock-2de302bf1aa3cf4c9157dbe6f50ac7eb '   itemscope=\"itemscope\" itemtype=\"https:\/\/schema.org\/CreativeWork\" ><div class='avia_textblock'  itemprop=\"text\" ><p class=\"Portrait\"><b><span style=\"text-transform: uppercase;\">Bilderausstellung und Tonbildschau<\/span><\/b><\/p>\n<p class=\"Portrait\">Von den 27 Mitgliedern, die damals aktiv waren, stellten 17 Fotografen ihre Bilder aus. Jede Ausstellerin und jeder Aussteller hatte eine zugewiesene Wandfl\u00e4che, um bis zu 14 Bilder zu pr\u00e4sentieren. Die Themenwahl war jedem Fotografen freigestellt. F\u00fcr jedes ausgestellte Bild zahlte die Stadt einen Unkostenanteil. Selbst im Treppenhaus und an den W\u00e4nden, welche die Besuchenden zur Ausstellung f\u00fchrten, waren Bilder angebracht.<\/p>\n<p class=\"Portrait\">Um eine m\u00f6glichst professionelle Ausstellung zu pr\u00e4sentieren, hatten wir uns auf eine einheitliche Ausf\u00fchrung der Aufnahmen festgelegt. Rahmengr\u00f6sse 60x48cm mit entsprechendem Passepartout und das Bild auf Cibachrome Papier. Wir bestellten alle Bilder vom gleichen Anbieter und auch die Rahmen wurden als Grossauftrag bei einem Produzenten bestellt. Die Passepartouts hingegen wurden selbst zugeschnitten.<\/p>\n<p><img loading=\"lazy\" decoding=\"async\" class=\"alignnone size-large wp-image-1210\" src=\"https:\/\/www.pgwinti.ch\/wp-content\/uploads\/2017\/12\/L1120893-1030x687.jpg\" alt=\"\" width=\"1030\" height=\"687\" srcset=\"https:\/\/www.pgwinti.ch\/wp-content\/uploads\/2017\/12\/L1120893-1030x687.jpg 1030w, https:\/\/www.pgwinti.ch\/wp-content\/uploads\/2017\/12\/L1120893-80x53.jpg 80w, https:\/\/www.pgwinti.ch\/wp-content\/uploads\/2017\/12\/L1120893-300x200.jpg 300w, https:\/\/www.pgwinti.ch\/wp-content\/uploads\/2017\/12\/L1120893-768x512.jpg 768w, https:\/\/www.pgwinti.ch\/wp-content\/uploads\/2017\/12\/L1120893-160x107.jpg 160w, https:\/\/www.pgwinti.ch\/wp-content\/uploads\/2017\/12\/L1120893-1200x800.jpg 1200w, https:\/\/www.pgwinti.ch\/wp-content\/uploads\/2017\/12\/L1120893-1500x1000.jpg 1500w, https:\/\/www.pgwinti.ch\/wp-content\/uploads\/2017\/12\/L1120893-705x470.jpg 705w, https:\/\/www.pgwinti.ch\/wp-content\/uploads\/2017\/12\/L1120893-450x300.jpg 450w\" sizes=\"auto, (max-width: 1030px) 100vw, 1030px\" \/><\/p>\n<p class=\"Portrait\">Um das Publikum f\u00fcr die Ausstellung zu begeistern, auch \u00fcber die Stadtgrenze hinaus, wurden Plakate hergestellt. Als Motiv w\u00e4hlten wir einen alten Ofen mit Blumenschmuck. Im ganzen Stadtgebiet wurden die Plakate \u00f6ffentlich aufgeh\u00e4ngt. Kleinere Plakate wurden in Gesch\u00e4ften verteilt und an Private verschickt. Die Museumsleitung versendete ferner pers\u00f6nliche Einladungen an ihr Stammpublikum sowie an die von der PGW genannten Personen. Zudem wurde in der Fotozeitschrift des SAPV, der heutigen PhotoSuisse, auf das grosse Jahrhundertfest aufmerksam gemacht.<\/p>\n<p class=\"Portrait\">W\u00e4hrend der einmonatigen Ausstellung wurden neben den Bildern auch noch vier Tonbildschauen in einem separaten Saal im Dachgeschoss gezeigt. Vier Mitglieder der PGW pr\u00e4sentierten w\u00e4hrend je einer Woche ihre Schau, so zeigte beispielsweise Carl Mani Bilder zu Rajastan (Indien). Die Tonbildschauen mit mehreren Diaprojektoren und \u00dcberblendger\u00e4t genossen schon vor einem Vierteljahrhundert grosses Interesse.<\/p>\n<p class=\"Portrait\"><b><span style=\"text-transform: uppercase;\">Bilder in den Nachthimmel projizieren &#8211; Eine grossartige Idee, die leider aus Kostengr\u00fcnden nicht realisiert wurde<\/span><\/b><\/p>\n<p class=\"Portrait\">Zu dieser Zeit arbeiteten wir noch in loser Verbindung mit der PROFOTO (Vereinigung der Winterthurer Fotoclubs) zusammen. In diversen Besprechungen mit einigen Mitgliedern dieser Vereinigung entstand die Idee, einen Projektor in Betrieb zu setzen, der sich im Lager des Technorama befand. Dieser Riesenprojektor sollte in der Lage sein, Bilder und Schriften in den n\u00e4chtlichen Himmel zu projizieren. Kollege John Wilhelm nahm sich dieser Sache an und diskutierte ernsthaft mit der Leitung des Technorama. Diese Maschine h\u00e4tten wir erhalten, wenn nicht die Kosten gewesen w\u00e4ren. Eine Instandstellung w\u00e4re n\u00f6tig geworden, und selbstverst\u00e4ndlich auch die Anfertigung der sehr grossen Dias mit Beschriftung, wie bei einem Diaprojektor. Die gesch\u00e4tzten Kosten von ca. 4&#8217;000 Franken, welche die PGW oder ein Sponsor aufbringen sollte, waren dann leider zu hoch.<\/p>\n<p><img loading=\"lazy\" decoding=\"async\" class=\"alignnone size-large wp-image-1212\" src=\"https:\/\/www.pgwinti.ch\/wp-content\/uploads\/2017\/12\/L1120760-1030x687.jpg\" alt=\"\" width=\"1030\" height=\"687\" srcset=\"https:\/\/www.pgwinti.ch\/wp-content\/uploads\/2017\/12\/L1120760-1030x687.jpg 1030w, https:\/\/www.pgwinti.ch\/wp-content\/uploads\/2017\/12\/L1120760-80x53.jpg 80w, https:\/\/www.pgwinti.ch\/wp-content\/uploads\/2017\/12\/L1120760-300x200.jpg 300w, https:\/\/www.pgwinti.ch\/wp-content\/uploads\/2017\/12\/L1120760-768x512.jpg 768w, https:\/\/www.pgwinti.ch\/wp-content\/uploads\/2017\/12\/L1120760-160x107.jpg 160w, https:\/\/www.pgwinti.ch\/wp-content\/uploads\/2017\/12\/L1120760-1200x800.jpg 1200w, https:\/\/www.pgwinti.ch\/wp-content\/uploads\/2017\/12\/L1120760-1500x1000.jpg 1500w, https:\/\/www.pgwinti.ch\/wp-content\/uploads\/2017\/12\/L1120760-705x470.jpg 705w, https:\/\/www.pgwinti.ch\/wp-content\/uploads\/2017\/12\/L1120760-450x300.jpg 450w\" sizes=\"auto, (max-width: 1030px) 100vw, 1030px\" \/><\/p>\n<\/div><\/section>\n<section  class='av_textblock_section av-av_textblock-2de302bf1aa3cf4c9157dbe6f50ac7eb '   itemscope=\"itemscope\" itemtype=\"https:\/\/schema.org\/CreativeWork\" ><div class='avia_textblock'  itemprop=\"text\" ><p class=\"Portrait\"><b><span style=\"text-transform: uppercase;\">Die Anfangszeiten der Fotografie<\/span><\/b><\/p>\n<p class=\"Portrait\">Um den Besuchern der Ausstellung mehr als nur Bilder zu bieten, wollte die PGW dem Publikum auch einen Eindruck aus der Anfangszeit der Fotografie vermitteln. Es wurden verschiedene Ideen umgesetzt. Carl Mani konnte ein ehemaliges Mitglied der PGW, Ueli Manz, begeistern, einige Teile seiner sehr kostbaren Fotoapparatesammlung zur Verf\u00fcgung zu stellen. Nachdem die Sicherheitsfrage abgekl\u00e4rt war, wurden diese Sehensw\u00fcrdigkeiten in Glasvitrinen zur Schau gestellt.<\/p>\n<p><img loading=\"lazy\" decoding=\"async\" class=\"alignnone size-large wp-image-1214\" src=\"https:\/\/www.pgwinti.ch\/wp-content\/uploads\/2017\/12\/L1120949-1030x687.jpg\" alt=\"\" width=\"1030\" height=\"687\" srcset=\"https:\/\/www.pgwinti.ch\/wp-content\/uploads\/2017\/12\/L1120949-1030x687.jpg 1030w, https:\/\/www.pgwinti.ch\/wp-content\/uploads\/2017\/12\/L1120949-80x53.jpg 80w, https:\/\/www.pgwinti.ch\/wp-content\/uploads\/2017\/12\/L1120949-300x200.jpg 300w, https:\/\/www.pgwinti.ch\/wp-content\/uploads\/2017\/12\/L1120949-768x512.jpg 768w, https:\/\/www.pgwinti.ch\/wp-content\/uploads\/2017\/12\/L1120949-160x107.jpg 160w, https:\/\/www.pgwinti.ch\/wp-content\/uploads\/2017\/12\/L1120949-1200x800.jpg 1200w, https:\/\/www.pgwinti.ch\/wp-content\/uploads\/2017\/12\/L1120949-1500x1000.jpg 1500w, https:\/\/www.pgwinti.ch\/wp-content\/uploads\/2017\/12\/L1120949-705x470.jpg 705w, https:\/\/www.pgwinti.ch\/wp-content\/uploads\/2017\/12\/L1120949-450x300.jpg 450w\" sizes=\"auto, (max-width: 1030px) 100vw, 1030px\" \/><\/p>\n<p class=\"Portrait\">Um das ehrw\u00fcrdige Alter der PGW noch optisch zu untermalen, wurden an freien Stellen im Ausstellungsraum Modepuppen in der Kleidung der damaligen Zeit vor eine grosse alte Kamera aufgestellt. Damit sollte das Fotostudio der Jahrhundertwende dokumentiert werden.<\/p>\n<p class=\"Portrait\">Eine besonders attraktive Idee, die beim Publikum auf rege Resonanz stiess, war eine Camera Obscura im Grossformat. Eine junge Frau, die sich eingehend mit dem Thema der &#8222;Lochkamera&#8220; befasste, brachte uns auf die Idee. Die Lochkamera war eine Technik der Vorgeschichte der heutigen Fotografie, die auf fr\u00fchere Jahrhunderte zur\u00fcckgeht und im Laufe der Zeit immer wieder verfeinert wurde. Die PGW wollte aber nicht einfach eine Lochkamera hinstellen, sondern es sollte etwas Spezielles sein. Eine Boxe in feins\u00e4uberlicher Ausf\u00fchrung wurde erstellt, mit einer Eingangst\u00fcre und Platz f\u00fcr eine Person. Es handelte sich bei diesem &#8222;Foto-Ger\u00e4t&#8220; um einen dunklen Raum mit einem Loch in der Wand, das als bildliche \u00dcbertragung f\u00fcr menschliche Wahrnehmung und f\u00fcr die Herstellung von Bildern verwendet wurde. Die junge Frau pr\u00e4sentierte zur Veranschaulichung dieser Art von Fotoaufnahmen auch einige Bilder &#8222;aus der Schuhschachtel&#8220;.<\/p>\n<\/div><\/section>\n<section  class='av_textblock_section av-av_textblock-2de302bf1aa3cf4c9157dbe6f50ac7eb '   itemscope=\"itemscope\" itemtype=\"https:\/\/schema.org\/CreativeWork\" ><div class='avia_textblock'  itemprop=\"text\" ><p class=\"Portrait\"><b><span style=\"text-transform: uppercase;\">Die Vernissage &#8211; kleines Schauspiel zur <\/span><\/b><b><span style=\"text-transform: uppercase;\">Gr\u00fcndungsversammlung<\/span><\/b><\/p>\n<p class=\"Portrait\">F\u00fcr die Vernissage hatte sich die PGW noch etwas ganz Besonderes ausgedacht. Da Fritz Hobi mit dem Schauspieler und Direktor des Sommertheaters, Hans-Heinrich R\u00fcegg, befreundet war, kam er auf die Idee, ihn f\u00fcr ein kleines Schauspiel zu gewinnen.<\/p>\n<p class=\"Portrait\">Nach dem Protokoll vom 13. Januar 1893 um 20.00 Uhr, sollte der Vorstand der PGW die damalige Gr\u00fcndung der Photographischen Gesellschaft Winterthur nachspielen. Die Vorstandmitglieder wurden in der Mode der damaligen Zeit eingekleidet, alles musste stimmen, von der Hose, \u00fcber Hemd, Krawatte, Frack bis zum ehrw\u00fcrdigen Zylinder. Am Vorabend wurde das kleine Schauspiel unter der kundigen Leitung von Hans-Heinrich R\u00fcegg kurz einge\u00fcbt.<\/p>\n<p><img loading=\"lazy\" decoding=\"async\" class=\"alignnone size-large wp-image-1215\" src=\"https:\/\/www.pgwinti.ch\/wp-content\/uploads\/2017\/12\/100_Jahr_Jubil\u00e4um010-1030x688.jpg\" alt=\"\" width=\"1030\" height=\"688\" srcset=\"https:\/\/www.pgwinti.ch\/wp-content\/uploads\/2017\/12\/100_Jahr_Jubil\u00e4um010-1030x688.jpg 1030w, https:\/\/www.pgwinti.ch\/wp-content\/uploads\/2017\/12\/100_Jahr_Jubil\u00e4um010-80x53.jpg 80w, https:\/\/www.pgwinti.ch\/wp-content\/uploads\/2017\/12\/100_Jahr_Jubil\u00e4um010-300x200.jpg 300w, https:\/\/www.pgwinti.ch\/wp-content\/uploads\/2017\/12\/100_Jahr_Jubil\u00e4um010-768x513.jpg 768w, https:\/\/www.pgwinti.ch\/wp-content\/uploads\/2017\/12\/100_Jahr_Jubil\u00e4um010-160x107.jpg 160w, https:\/\/www.pgwinti.ch\/wp-content\/uploads\/2017\/12\/100_Jahr_Jubil\u00e4um010-1200x801.jpg 1200w, https:\/\/www.pgwinti.ch\/wp-content\/uploads\/2017\/12\/100_Jahr_Jubil\u00e4um010-1500x1002.jpg 1500w, https:\/\/www.pgwinti.ch\/wp-content\/uploads\/2017\/12\/100_Jahr_Jubil\u00e4um010-705x471.jpg 705w, https:\/\/www.pgwinti.ch\/wp-content\/uploads\/2017\/12\/100_Jahr_Jubil\u00e4um010-450x300.jpg 450w\" sizes=\"auto, (max-width: 1030px) 100vw, 1030px\" \/><\/p>\n<p class=\"Portrait\">Auf die Stunde genau 100 Jahre nach der Gr\u00fcndung der PGW begann das Schauspiel, so wie es sich abgespielt haben k\u00f6nnte. Die Vorstandsmitglieder und einige Beisitzer haben an einem antiken Tisch Platz genommen. Die Er\u00f6ffnung der Sitzung, mit begleitenden Worten, sprach Hans-Heinrich R\u00fcegg. Jedes Vorstandsmitglied der PGW spielte einen der damaligen f\u00fcnf Gr\u00fcnder. Sie hatten sich kurz zu erheben, um mit ein paar Worten oder S\u00e4tzen die Wahl zu best\u00e4tigen.<\/p>\n<p class=\"Portrait\">Auf der rechten Seite der Gr\u00fcndungsversammlung war eine alte Kamera positioniert, zusammen mit einem Magnesium-Blitzger\u00e4t. Zum Abschluss dieser denkw\u00fcrdigen Versammlung wurde dieser Blitz gez\u00fcndet, er erhellte den Raum fast zum Schrecken der Anwesenden.<\/p>\n<p class=\"Portrait\">Die Er\u00f6ffnungsansprache hielt der damalige Stadtpr\u00e4sident Dr. Martin Haas, und im Anschluss danach begr\u00fcsste der Pr\u00e4sident der PGW, Arthur Wegmann, die zahlreich erschienenen G\u00e4ste. F\u00fcr die musikalische Unterhaltung sorgten ein paar junge Musiker aus Winterthur mit klassische Kl\u00e4ngen.<\/p>\n<\/div><\/section>\n<section  class='av_textblock_section av-av_textblock-2de302bf1aa3cf4c9157dbe6f50ac7eb '   itemscope=\"itemscope\" itemtype=\"https:\/\/schema.org\/CreativeWork\" ><div class='avia_textblock'  itemprop=\"text\" ><p><img loading=\"lazy\" decoding=\"async\" class=\"alignnone wp-image-1217\" src=\"https:\/\/www.pgwinti.ch\/wp-content\/uploads\/2017\/12\/L1120953-200x300.jpg\" alt=\"\" width=\"349\" height=\"524\" srcset=\"https:\/\/www.pgwinti.ch\/wp-content\/uploads\/2017\/12\/L1120953-200x300.jpg 200w, https:\/\/www.pgwinti.ch\/wp-content\/uploads\/2017\/12\/L1120953-53x80.jpg 53w, https:\/\/www.pgwinti.ch\/wp-content\/uploads\/2017\/12\/L1120953-768x1152.jpg 768w, https:\/\/www.pgwinti.ch\/wp-content\/uploads\/2017\/12\/L1120953-687x1030.jpg 687w, https:\/\/www.pgwinti.ch\/wp-content\/uploads\/2017\/12\/L1120953-107x160.jpg 107w, https:\/\/www.pgwinti.ch\/wp-content\/uploads\/2017\/12\/L1120953-800x1200.jpg 800w, https:\/\/www.pgwinti.ch\/wp-content\/uploads\/2017\/12\/L1120953-1000x1500.jpg 1000w, https:\/\/www.pgwinti.ch\/wp-content\/uploads\/2017\/12\/L1120953-470x705.jpg 470w, https:\/\/www.pgwinti.ch\/wp-content\/uploads\/2017\/12\/L1120953-450x675.jpg 450w, https:\/\/www.pgwinti.ch\/wp-content\/uploads\/2017\/12\/L1120953.jpg 1950w\" sizes=\"auto, (max-width: 349px) 100vw, 349px\" \/><\/p>\n<p><strong>Grosserfolg &#8211; grossz\u00fcgige Spende f\u00fcr die PGW<\/strong><\/p>\n<p>Insgesamt str\u00f6mten \u00fcber 5&#8217;000 Besucher in die Ausstellung. Ein grossartiger Erfolg f\u00fcr einen Fotoclub. Der ehemalige Stadtpr\u00e4sident Urs Widmer war so begeistert von der Ausstellung, dass er dem PGW-Pr\u00e4sidenten Arthur Wegmann einen gr\u00f6sseren Betrag aus der Casinelli-Stiftung, Z\u00fcrich, in Aussicht stellte, um eine sinnvolle Anschaffung f\u00fcr die PGW zu erm\u00f6glichen. Weil zu jener Zeit Tonbildschauen &#8222;en vogue&#8220; waren, beschloss der Vorstand der PGW, eine komplette Projektionsausr\u00fcstung zu kaufen.<\/p>\n<p>Carl Mani<\/p>\n<\/div><\/section>\n","protected":false},"excerpt":{"rendered":"","protected":false},"author":1,"featured_media":1212,"parent":1311,"menu_order":0,"comment_status":"closed","ping_status":"closed","template":"","meta":{"_exactmetrics_skip_tracking":false,"_exactmetrics_sitenote_active":false,"_exactmetrics_sitenote_note":"","_exactmetrics_sitenote_category":0,"footnotes":""},"class_list":["post-1207","page","type-page","status-publish","has-post-thumbnail","hentry"],"_links":{"self":[{"href":"https:\/\/www.pgwinti.ch\/index.php?rest_route=\/wp\/v2\/pages\/1207","targetHints":{"allow":["GET"]}}],"collection":[{"href":"https:\/\/www.pgwinti.ch\/index.php?rest_route=\/wp\/v2\/pages"}],"about":[{"href":"https:\/\/www.pgwinti.ch\/index.php?rest_route=\/wp\/v2\/types\/page"}],"author":[{"embeddable":true,"href":"https:\/\/www.pgwinti.ch\/index.php?rest_route=\/wp\/v2\/users\/1"}],"replies":[{"embeddable":true,"href":"https:\/\/www.pgwinti.ch\/index.php?rest_route=%2Fwp%2Fv2%2Fcomments&post=1207"}],"version-history":[{"count":8,"href":"https:\/\/www.pgwinti.ch\/index.php?rest_route=\/wp\/v2\/pages\/1207\/revisions"}],"predecessor-version":[{"id":1219,"href":"https:\/\/www.pgwinti.ch\/index.php?rest_route=\/wp\/v2\/pages\/1207\/revisions\/1219"}],"up":[{"embeddable":true,"href":"https:\/\/www.pgwinti.ch\/index.php?rest_route=\/wp\/v2\/pages\/1311"}],"wp:featuredmedia":[{"embeddable":true,"href":"https:\/\/www.pgwinti.ch\/index.php?rest_route=\/wp\/v2\/media\/1212"}],"wp:attachment":[{"href":"https:\/\/www.pgwinti.ch\/index.php?rest_route=%2Fwp%2Fv2%2Fmedia&parent=1207"}],"curies":[{"name":"wp","href":"https:\/\/api.w.org\/{rel}","templated":true}]}}